14?
-183b
406 (base 11) to base 4
13222
Convert -10333 (base 4) to base 12.
-227
Convert 303202 (base 4) to base 2.
110011100010
Convert -47 (base 10) to base 13.
-38
-1022212011 (base 3) to base 11
-18704
What is -1100200022 (base 3) in base 5?
-1323423
What is -4a11 (base 12) in base 13?
-3a66
What is 1066 (base 10) in base 13?
640
What is -3221 (base 5) in base 7?
-1162
Convert -7875 (base 15) to base 11.
-18204
Convert -1431 (base 7) to base 15.
-276
749 (base 13) to base 8
2334
Convert 1570 (base 8) to base 2.
1101111000
Convert -165 (base 8) to base 6.
-313
Convert 20020212 (base 3) to base 15.
153e
Convert 1bb29 (base 13) to base 3.
2202221001
22301332 (base 4) to base 9
66514
2715 (base 10) to base 11
2049
Convert 10110011112 (base 3) to base 11.
47035
-361 (base 9) to base 13
-19c
What is 344124 (base 5) in base 6?
133250
-3343 (base 5) to base 6
-2105
670 (base 12) to base 14
4ba
Convert -1611 (base 7) to base 8.
-1205
-154 (base 6) to base 4
-1012
What is -788 (base 10) in base 2?
-1100010100
-1194 (base 10) to base 16
-4aa
Convert -1014121 (base 6) to base 12.
-24341
What is 30120 (base 4) in base 16?
318
Convert 14448 (base 9) to base 11.
7440
What is -1357 (base 9) in base 10?
-1024
5234 (base 7) to base 10
1838
Convert -20306 (base 9) to base 2.
-11010000111011
What is a51 (base 14) in base 8?
3757
Convert -6c00 (base 14) to base 6.
-223040
What is 7b4 (base 12) in base 16?
478
What is 123303 (base 5) in base 7?
20035
-1694 (base 15) to base 16
-1300
What is 2031132 (base 4) in base 5?
242204
Convert -303300 (base 4) to base 11.
-2541
2b9 (base 15) to base 5
4444
Convert -1111011101010 (base 2) to base 13.
-37aa
Convert -44688 (base 9) to base 3.
-1111202222
What is 254 (base 7) in base 8?
211
Convert -3405 (base 6) to base 2.
-1100011101
-112640 (base 7) to base 4
-10323320
-2001 (base 3) to base 5
-210
556 (base 9) to base 11
385
Convert -102121220 (base 3) to base 10.
-8475
What is 319 (base 14) in base 4?
21203
What is -1ee0 (base 16) in base 6?
-100332
Convert -1110110110 (base 2) to base 14.
-4bc
What is 43011 (base 9) in base 5?
1402231
Convert 4223 (base 11) to base 14.
2075
What is -2745 (base 12) in base 14?
-1909
Convert -225 (base 13) to base 2.
-101110001
-2200 (base 8) to base 16
-480
Convert 1775 (base 8) to base 13.
607
Convert 288c (base 14) to base 15.
21da
Convert 10002221 (base 3) to base 6.
14254
-2458 (base 9) to base 6
-12255
What is -32113 (base 4) in base 11?
-766
1687 (base 10) to base 11
12a4
What is -3d74 (base 15) in base 9?
-20041
What is 1ba53 (base 12) in base 13?
15a0b
-1310 (base 5) to base 2
-11001101
Convert 7062 (base 14) to base 4.
10231132
Convert 22110 (base 10) to base 15.
6840
3341 (base 6) to base 11
650
5686 (base 13) to base 6
132021
Convert -247 (base 13) to base 9.
-481
Convert 1537 (base 16) to base 13.
261a
-134103 (base 6) to base 9
-18213
Convert -1b382 (base 14) to base 16.
-10eb6
-5340 (base 7) to base 14
-990
Convert 3686 (base 10) to base 8.
7146
Convert 21 (base 7) to base 9.
16
What is -b2 (base 15) in base 8?
-247
Convert -468 (base 11) to base 12.
-3a6
Convert -420330 (base 6) to base 14.
-c47c
Convert -164612 (base 7) to base 11.
-22789
Convert -1653 (base 8) to base 13.
-573
-354 (base 16) to base 8
-1524
113524 (base 7) to base 16
5014
16360 (base 7) to base 6
33304
-110000101 (base 2) to base 13
-23c
Convert 6627 (base 8) to base 7.
13100
-4233 (base 5) to base 8
-1070
11821 (base 11) to base 13
794b
42672 (base 11) to base 10
62031
What is -40 (base 13) in base 12?
-44
Convert 105c9 (base 13) to base 12.
15143
-aa9 (base 13) to base 10
-1829
Convert -2305 (base 7) to base 6.
-3514
15526 (base 8) to base 7
26255
Convert -214 (base 15) to base 7.
-1240
What is -1736a (base 13) in base 5?
-2411120
What is -1613 (base 8) in base 14?
-48b
Convert 681 (base 10) to base 3.
221020
Convert 64513 (base 7) to base 12.
9341
What is 5664 (base 11) in base 6?
54255
21021221 (base 3) to base 11
3aa4
-2bb69 (base 12) to base 5
-3442040
What is 5589 (base 11) in base 7?
30310
Convert 11010220 (base 3) to base 8.
5715
2344040 (base 5) to base 14
11c97
What is -11c77 (base 14) in base 9?
-65743
-101100111110 (base 2) to base 11
-2187
56415 (base 8) to base 14
8977
What is -4003 (base 5) in base 10?
-503
Convert 1000101100001 (base 2) to base 15.
14b9
Convert 10101111111000 (base 2) to base 16.
2bf8
5758 (base 9) to base 8
10251
Convert -26032 (base 12) to base 15.
-10588
240255 (base 7) to base 16
a95c
What is -1b52 (base 12) in base 6?
-23342
Convert -12014 (base 6) to base 8.
-3312
What is 3560 (base 10) in base 15?
10c5
222012 (base 4) to base 16
a86
2e8 (base 15) to base 11
558
Convert e8 (base 15) to base 7.
431
What is -213 (base 5) in base 11?
-53
b1b (base 13) to base 7
5330
What is -2a (base 13) in base 10?
-36
Convert -d0a9 (base 16) to base 12.
-26ab5
-1004443 (base 5) to base 8
-37570
-12212 (base 4) to base 13
-266
-2078 (base 9) to base 13
-908
Convert -158 (base 15) to base 11.
-260
What is -133120 (base 4) in base 8?
-3730
a99 (base 13) to base 7
5203
-5320 (base 9) to base 6
-30030
Convert -302 (base 10) to base 8.
-456
Convert -19085 (base 10) to base 16.
-4a8d
What is -3ec0 (base 15) in base 7?
-54141
-1714a (base 11) to base 6
-303421
Convert -44a (base 14) to base 15.
-3ba
Convert 2053 (base 7) to base 8.
1324
What is 5603 (base 9) in base 13?
1b60
Convert b298 (base 13) to base 3.
1020210020
What is -314 (base 7) in base 13?
-c2
-2043 (base 7) to base 8
-1315
What is -33421 (base 10) in base 4?
-20022031
25 (base 15) to base 7
50
2221 (base 3) to base 12
67
-11221 (base 3) to base 5
-1013
What is -44024 (base 6) in base 13?
-29b6
Convert -13201 (base 6) to base 12.
-1201
-3d54 (base 14) to base 12
-6346
Convert 11804 (base 9) to base 3.
101220011
10200330 (base 4) to base 5
1042432
What is 29f4 (base 16) in base 10?
10740
10100223 (base 4) to base 14
6507
Convert -14298 (base 10) to base 12.
-8336
Convert 135323 (base 6) to base 9.
18576
Convert 446a (base 11) to base 7.
23104
Convert 100010101111000 (base 2) to base 4.
10111320
Convert 22515 (base 6) to base 13.
1604
d75 (base 16) to base 2
110101110101
c (base 14) to base 12
10
Convert 2302 (base 4) to base 15.
bd
368 (base 9) to base 15
155
10000010 (base 2) to base 12
aa
33044 (base 7) to base 16
2048
-10442 (base 8) to base 2
-1000100100010
What is 43500 (base 7) in base 6?
122210
Convert 23840 (base 13) to base 11.
44a18
-1345 (base 7) to base 15
-24d
Convert 12b0 (base 16) to base 6.
34052
What is 110200101 (base 3) in base 5?
243434
Convert -26371 (base 9) to base 15.
-541d
-10103032 (base 4) to base 7
-102232
Convert 2906 (base 10) to base 4.
231122
Convert 30325 (base 10) to base 4.
13121311
Convert -13760 (base 9) to base 10.
-9369
Convert 2776 (base 12) to base 8.
10712
Convert -263 (base 14) to base 13.
-2ab
39b (base 12) to base 7
1415
What is 2145 (base 10) in base 8?
4141
Convert 15c4 (base 13) to base 6.
22454
Convert -501 (base 6) to base 4.
-2311
Convert 18f (base 16) to base 11.
333
-6006 (base 7) to base 9
-2743
Convert 2101122 (base 4) to base 10.
9306
Convert 42883 (base 10) to base 13.
16699
Convert -966 (base 13) to base 11.
-122a
Convert 23401 (base 7) to base 12.
35a4
What is 11c96 (base 14) in base 6?
534020
Convert 1110011100010 (base 2) to base 8.
16342
Convert -a57 (base 16) to base 9.
-3561
What is 63 (base 16) in base 10?
99
Convert -14517 (base 8) to base 10.
-6479
12035 (base 6) to base 5
24001
Convert 180 (base 11) to base 15.
de
Convert -1000122102 (base 3) to base 11.
-14161
Convert 2023312 (base 5) to base 11.
22841
Convert -c06 (base 14) to base 10.
-2358
Convert 1112 (base 11) to base 8.
2671
What is 10b83 (base 13) in base 3?
1112212122
What is 25426 (base 7) in base 6?
51101
103662 (base 8) to base 14
c934
What is 232 (base 7) in base 13?
94
-636 (base 9) to base 4
-20013
Convert 202201212 (base 3) to base 13.
6b5a
6 (base 15) to base 2
110
What is -1552 (base 10) in base 2?
-11000010000
What is 737 (base 8) in base 14?
263
a768 (base 11) to base 6
145515
What is -1503 (base 13) in base 16?
-be5
-10302 (base 5) to base 8
-1276
Convert 10333 (base 7) to base 12.
15a4
-11000110100 (base 2) to base 10
-1588
What is 18845 (base 11) in base 15?
7bdb
What is 12c50 (base 1